t = -2*m + 21. What is the remainder when m is divided by 4?
3
Let o be 3 + -2 + 1 + 60. Let m be 0/(-2) + -3 + o. Suppose 0 = -3*c - 5*d + m, 4*c = -d + 48 + 8. Calculate the remainder when 24 is divided by c.
11
Suppose 0 = p - 4, 0 = 2*z + p + p. Calculate the remainder when 3/(3/z) + 29 is divided by 13.
12
Suppose 0 = c - 20 - 15. Let v be 2/5 - (-266)/c. Let k = -7 + v. Calculate the remainder when 2 is divided by k.
0
Let f = -10 - -7. Let z = 0 - f. Suppose z*d - 9 = -3. What is the remainder when 3 is divided by d?
1
Let v be (18/(-8))/(2/(-8)). Let x(o) be the second derivative of -o**4/12 + 3*o**3/2 + 2*o**2 + 3*o. What is the remainder when 14 is divided by x(v)?
2
Let a(v) = -13*v - 7. What is the remainder when a(-4) is divided by 23?
22
Let s = -14 - -33. Suppose 4*x = 162 - 14. Calculate the remainder when x is divided by s.
18
Let h(j) = 6*j - 1. What is the remainder when h(7) is divided by 14?
13
Suppose 5*o - 34 = 56. Suppose -2*i + 3*c = -11, -5*i + 9 = -2*c - 13. What is the remainder when (8/(-6))/((-4)/o) is divided by i?
2
What is the remainder when ((-376)/40)/((-4)/40) is divided by 24?
22
Let a(d) = -d + 15. What is the remainder when 42 is divided by a(4)?
9
Let u(s) = 3*s. Let b be u(2). Let r = b + 36. Suppose -k + 2*y = 4*y - 14, 5*k + 3*y - r = 0. What is the remainder when 11 is divided by k?
5
Let p(b) = -2*b. Calculate the remainder when p(-6) is divided by 7.
5
Suppose -6*i = -11*i + 595. What is the remainder when i is divided by 40?
39
Calculate the remainder when 54 is divided by ((-2)/(-8))/(1/44).
10
Let l = 21 + -14. Let c(f) = f + 9. Suppose -3*n + 21 = -6. What is the remainder when c(l) is divided by n?
7
What is the remainder when 1 + 1/((-2)/(-38)) is divided by (-14)/(((-3)/(-2))/((-6)/8))?
6
Suppose 0*l - 2*l = -126. Calculate the remainder when l is divided by 22.
19
Let c be (-1 - -1 - 0) + 4. Suppose z + 3*z = -2*t + 150, 16 = c*z. What is the remainder when t is divided by 23?
21
Let z(g) = -g + 5. Let o be (-6)/1 - (-4 + 3). What is the remainder when 28 is divided by z(o)?
8
Suppose 5*n = -4*j - 5, -2*j - 3*j - 16 = 3*n. Let o = n + 2. Calculate the remainder when 13 is divided by o.
3
Suppose -5*a + 10 = 0, 4*p - p - 2*a = 2. Suppose 4 = 2*z + 4*x - 44, z = -x + 19. What is the remainder when (-3 + 2)/(p/(-82)) is divided by z?
13
Let x(s) = s + 18. Let b(d) = -d + 35. Calculate the remainder when b(0) is divided by x(0).
17
Suppose -q = -2*u + 1 - 7, -2*q = -5*u - 16. What is the remainder when (-27)/(q/(6/3)) is divided by 10?
7
Let j(d) = -d**2 + 6*d. Let z be j(6). Suppose 3*c - 179 + 17 = z. What is the remainder when c is divided by 14?
12
Let q be (-2)/(-4) - (-15)/(-2). Let h(b) be the third derivative of -b**5/60 - b**4/3 - 2*b**3/3 + 2*b**2. What is the remainder when 8 is divided by h(q)?
2
Let x = 400 - 240. Suppose -3*s - 31 = -x. Calculate the remainder when s is divided by 11.
10
What is the remainder when 9/5 - (-1)/5 is divided by (-2)/(-4) - 6/(-4)?
0
Let k = 15 - 11. Calculate the remainder when 16 is divided by k.
0
Let x = -2 - -23. Calculate the remainder when x is divided by 5.
1
Suppose -3*a - a - 12 = -f, 5*f + 4*a = 12. Suppose f*z = 5*w + 57 + 30, -4*z = 5*w - 57. Suppose -h = -3 - 4. Calculate the remainder when z is divided by h.
4
Suppose -4*w + 610 = w. What is the remainder when w is divided by 21?
17
Let x = 64 - 39. Calculate the remainder when 72 is divided by x.
22
Suppose 108 = -6*m + 10*m. What is the remainder when 47 is divided by m?
20
Let n = -20 + 24. What is the remainder when n is divided by 1?
0
Calculate the remainder when (96/18)/(2/6) is divided by 9.
7
Suppose 2*s - 3*a - a = 6, -3*a = 4*s + 10. Let u = s - -11. Suppose 3*m - 4*q = 77, 0*m + 51 = 4*m + 5*q. What is the remainder when m is divided by u?
9
Calculate the remainder when 93 is divided by ((-6)/(-3))/(-1)*-4.
5
Suppose 0*p = -4*p - 3*t - 34, 2*t - 34 = 3*p. Let r = 40 + p. Calculate the remainder when r is divided by 16.
14
Suppose 4*w - 5 = -9, 171 = p - 2*w. Calculate the remainder when p is divided by 43.
40
Suppose 0 = -0*i + 2*i - 4. Suppose 2*l + 1 = 3*l. What is the remainder when l is divided by 1/1 + i + -2?
0
Let s be (9/6 - 1)*-14. Let o = s + 3. Calculate the remainder when 13 is divided by 10*(-2*1)/o.
3
Suppose -m - 3*i + 25 = 2*i, i + 6 = 2*m. Calculate the remainder when 29 is divided by m/((-10)/(-28)) + 1.
14
Let n(l) = -5*l**2 + l**3 + 3 + 6*l**3 - 2*l**3 + 2*l - 3*l**3. What is the remainder when n(3) is divided by 10?
8
Let h = 100 - 61. What is the remainder when h is divided by 4?
3
Suppose 0 = -g + 6*g - 15. What is the remainder when 40 - (g - (0 + 2)) is divided by 10?
9
Calculate the remainder when 38 is divided by 1/((-3)/(-25)) + 10/(-30).
6
Suppose 0 = -v + 2*v - 4. What is the remainder when 6 is divided by v?
2
Let j = 4 - 8. What is the remainder when 48/(-8)*22/j is divided by 18?
15
Let y = -4 - -9. What is the remainder when 12 is divided by y?
2
Suppose 0 = 4*c - 3 - 57. Suppose 7*w - 25 = 2*w. What is the remainder when (-29)/(2 + (2 - w)) is divided by c?
14
Let w = -3 - 1. Let o = -3 - w. What is the remainder when o is divided by 3 - (7 - 1) - -4?
0
Suppose 0 = 5*f - 5. Let c(x) = 2*x**2 + 2*x + 2. Calculate the remainder when c(-6) is divided by -2 + f*22 + 1.
20
Let z be (-8)/6 + 56/42. Suppose -c + 17 + 5 = z. What is the remainder when c is divided by 6?
4
Let k = 3 + 0. Calculate the remainder when 1 is divided by ((-2)/3 + 1)*k.
0
Suppose -4*v = -20, -3*p - 15 = -8*p - 5*v. Let j be p/6 - 38/(-6). Suppose 0 = j*x - 2*x - 48. Calculate the remainder when x is divided by 7.
5
Let d = 69 + -30. Calculate the remainder when d is divided by 6.
3
Suppose u = -4*i + 97, -24 = 2*i + u - 73. What is the remainder when i is divided by 6?
0
Let c = -43 - -60. Calculate the remainder when 50 is divided by c.
16
Let o = 25 - 15. Calculate the remainder when 18 is divided by o.
8
Let q be 1 + -4 + 1*7. Suppose q*k - 88 - 96 = -4*t, -4*k + 3*t + 191 = 0. What is the remainder when k is divided by 24?
23
Let g = -12 - -20. What is the remainder when 53 is divided by (48/(-28))/(g/(-84))?
17
Suppose 2*w - 3*q = -3, -3*w - 5*q + 24 = -0*w. What is the remainder when 9 is divided by w?
0
What is the remainder when 4 is divided by 4 - (-4)/12*-3?
1
Suppose -7*r + 11*r = 104. What is the remainder when 128 is divided by r?
24
Let u(d) = d + 1. Let p be u(-3). Calculate the remainder when 16 is divided by -8 + 6 + (-16)/p.
4
Suppose 4*i = 2*g + 418, 2*i - 271 = -2*g - 53. Calculate the remainder when i is divided by 18.
16
Let u = 91 - 64. What is the remainder when u is divided by 7?
6
Let w = 1 + 3. Suppose -d = -w*d + 30. Let q = 29 + -11. Calculate the remainder when q is divided by d.
8
What is the remainder when 96 is divided by (20 - 30/(-6)) + 0?
21
Calculate the remainder when (-4)/(-18) + (-349)/(-9) is divided by 10.
9
Let j(v) = 18*v + 4. Let h be j(-3). Let u = 87 + h. What is the remainder when u is divided by 13?
11
Suppose -4*l = -2*g - 5*l + 63, -3*g - 2*l = -96. Let q(y) = -29*y + 1. What is the remainder when q(-4) is divided by g?
27
Suppose 4*o + 72 = 5*s, -2*o - 3*o - 54 = -4*s. Calculate the remainder when s is divided by 6.
4
Let d(l) = -4*l + 10. What is the remainder when 29 is divided by d(1)?
5
Suppose 0 = 2*n - 0*n - 58. Let v(j) = -j**3 + j**2 + 3*j - 2. Let i be v(2). Let l(w) = -w**3 - w**2 + 10. What is the remainder when n is divided by l(i)?
9
Let i = -9 + 28. What is the remainder when 54 is divided by i?
16
Let q = 9 - -27. Suppose -5*v + 65 = -o, -5*v + 65 = -2*o - 3*o. What is the remainder when q is divided by v?
10
Suppose -5*f + 10 = -0*f. Suppose -4*b = 0, f*k = 4*b + b + 6. Calculate the remainder when 8 is divided by k.
2
Let l be -46*((-9)/(-3))/(-3). Suppose 0 = -4*s + 10 + l. Calculate the remainder when 40 is divided by s.
12
Suppose -z + a = 4*z - 334, -4*a = z - 71. Calculate the remainder when z is divided by 18.
13
Let i be (-4 + -1*2)/(-2). Suppose 2*g - i*g = -60. Suppose -g = -2*o - 2*q, 5*o = q + 65 + 73. What is the remainder when o is divided by 15?
13
Let k(c) = -9 + 3*c + 3*c**3 - c**3 + 11*c**2 + 11*c - 3*c**3. Calculate the remainder when 44 is divided by k(12).
14
Suppose -x + 4*x = -3